134 - -b?
-2a128
In base 7, what is -22 + 3063?
3041
In base 14, what is -2 + 5b05?
5b03
In base 6, what is -1004 - 5522?
-10530
In base 5, what is 124401 + 4?
124410
In base 5, what is -232 + 1440?
1203
In base 16, what is 6a16b - -5?
6a170
In base 2, what is -11000100010 + 11111001?
-10100101001
In base 16, what is 51 - 1f?
32
In base 7, what is 203551 - -4?
203555
In base 16, what is 14045 - 5?
14040
In base 14, what is 43808 - 1?
43807
In base 2, what is 101011110 - -101101110?
1011001100
In base 6, what is 3 - 14233113?
-14233110
In base 9, what is -6635 + -1217?
-7853
In base 9, what is -20163 - 4?
-20167
In base 12, what is 1105 + 4a0?
15a5
In base 6, what is -12 - 222?
-234
In base 16, what is 9d - -4bf9?
4c96
In base 10, what is -141384 + -3?
-141387
In base 11, what is 1276599 + -3?
1276596
In base 14, what is -3 - a919?
-a91c
In base 10, what is -3 + -67852?
-67855
In base 10, what is -10 + 4846?
4836
In base 10, what is -378 + 305?
-73
In base 3, what is -10221200 + -222?
-10222122
In base 13, what is -7ca9 + -2?
-7cab
In base 13, what is 6 - -8a378?
8a381
In base 8, what is -130363 - 2?
-130365
In base 3, what is -11200120121 + 12?
-11200120102
In base 10, what is -213 - -1389?
1176
In base 3, what is 11 - 20101022000?
-20101021212
In base 12, what is -10 - -16b6?
16a6
In base 3, what is -20222202 - -2000?
-20220202
In base 3, what is -11 + -210011102?
-210011120
In base 4, what is -212 + -20202?
-21020
In base 10, what is 1 - -1861?
1862
In base 11, what is 98184 - 5?
9817a
In base 10, what is 1265 - -288?
1553
In base 11, what is 4 - 6a597?
-6a593
In base 13, what is -2 + a02b9?
a02b7
In base 12, what is 1b3 - -35?
228
In base 9, what is -10 + 2343?
2333
In base 14, what is 0 + -23c?
-23c
In base 3, what is 10102100202 + 12?
10102100221
In base 14, what is -13 - 254?
-267
In base 14, what is 963c + 3?
9641
In base 16, what is -a93 - 0?
-a93
In base 10, what is -65111 - -6?
-65105
In base 7, what is 11243 - -35?
11311
In base 11, what is -132 + -902?
-a34
In base 4, what is 21 - -33000?
33021
In base 15, what is 0 - -1886d8?
1886d8
In base 3, what is 112102 + -102220?
2112
In base 16, what is -4 + -6d30?
-6d34
In base 6, what is 55 + 431510?
432005
In base 15, what is 3 + 470c?
4710
In base 8, what is -50476 + -2?
-50500
In base 7, what is 131135 + -5?
131130
In base 12, what is -29 - 23213?
-23240
In base 7, what is 4 + -123635?
-123631
In base 6, what is -23 - 325033?
-325100
In base 10, what is 1 - -1517637?
1517638
In base 11, what is -2aa3 + 211?
-2892
In base 11, what is -1484 + -29?
-1502
In base 6, what is 41 + 3352501?
3352542
In base 8, what is -365 - 456?
-1043
In base 14, what is -31ad - 3?
-31b2
In base 14, what is 7 - cd4b?
-cd44
In base 15, what is 284 + 203?
487
In base 13, what is 8c171 + 1?
8c172
In base 9, what is 21 - -33886?
34017
In base 15, what is d6ed + 0?
d6ed
In base 12, what is -3757 - 20?
-3777
In base 11, what is -3 - -69290?
69288
In base 11, what is -5 - 119141?
-119146
In base 10, what is 25 - 612?
-587
In base 16, what is -561 + -f?
-570
In base 16, what is 3060 + 4?
3064
In base 2, what is -1101111100001110101100 + 0?
-1101111100001110101100
In base 14, what is 15390 + -9?
15385
In base 10, what is 3089 - -732?
3821
In base 14, what is 1b38 + -c6?
1a52
In base 6, what is 11533 - 522?
11011
In base 10, what is -4 - -457?
453
In base 13, what is -100c + 27?
-cb5
In base 3, what is 1220 + -200222222?
-200221002
In base 2, what is -111101011100000 - -11?
-111101011011101
In base 10, what is -33966 - -4?
-33962
In base 6, what is -502 + -140?
-1042
In base 14, what is -3 + 1850?
184b
In base 3, what is -222221020 - -210?
-222220110
In base 9, what is 1733 - -5?
1738
In base 11, what is -aa3 + -176?
-1169
In base 9, what is -336835 - -4?
-336831
In base 13, what is -831 - 59?
-88a
In base 7, what is -4 - 20155?
-20162
In base 15, what is 20 - 1d170?
-1d150
In base 5, what is -143414130 - 10?
-143414140
In base 10, what is -365403 - -14?
-365389
In base 16, what is 13e60 - 4?
13e5c
In base 10, what is 14272 + 134?
14406
In base 3, what is -1110 + -1210222210?
-1211001020
In base 8, what is 2 + -16505?
-16503
In base 16, what is d9 + -9?
d0
In base 8, what is -1152 - -135?
-1015
In base 15, what is -586a0 + 1?
-5869e
In base 16, what is 16a22 - 19?
16a09
In base 4, what is -13231232032 + -2?
-13231232100
In base 14, what is 74b7 + -35?
7482
In base 2, what is -1010011000 + 10100111?
-111110001
In base 11, what is -12051 + a6?
-11a56
In base 10, what is 6533 - 1?
6532
In base 14, what is 85 + 1c9?
270
In base 12, what is 72bb30 + 1?
72bb31
In base 8, what is 53 - -6522?
6575
In base 10, what is -1153 + -191?
-1344
In base 14, what is 0 - 2926?
-2926
In base 8, what is -27403 + -60?
-27463
In base 3, what is 21110 + 2102?
100212
In base 11, what is 22 - -3603?
3625
In base 15, what is -47 + -9b1b?
-9b63
In base 4, what is -3 + 2002330?
2002321
In base 4, what is 20121112 + -11?
20121101
In base 9, what is -105 - -1102?
886
In base 13, what is -13390c - 0?
-13390c
In base 12, what is -12a7 + 93?
-1214
In base 14, what is -275c - 0?
-275c
In base 4, what is -1213 - -3010232?
3003013
In base 6, what is 1233 - 223?
1010
In base 7, what is 5623 + 14?
5640
In base 7, what is -542524 - -3?
-542521
In base 11, what is 54 - 609?
-565
In base 5, what is 1001 - 2422?
-1421
In base 2, what is -10 + 11010111?
11010101
In base 8, what is -103625 - -5?
-103620
In base 10, what is -2 - 24390?
-24392
In base 8, what is 16105 - -5?
16112
In base 12, what is -a41 + -10a?
-b4b
In base 12, what is -492 - 1443?
-1915
In base 13, what is 154c - -4b?
159a
In base 6, what is -5534 - -13?
-5521
In base 2, what is -1 - 1011010101010101100?
-1011010101010101101
In base 2, what is -110000000011111 + 1101?
-110000000010010
In base 3, what is -20210022 + -2121?
-20212220
In base 13, what is 0 + -20c09?
-20c09
In base 12, what is -69 + 918?
86b
In base 2, what is 11001000111110111 - -100?
11001000111111011
In base 12, what is -3aa - 1?
-3ab
In base 10, what is 22499 - -81?
22580
In base 6, what is -402 + 1115?
313
In base 7, what is -2561 - -212?
-2346
In base 15, what is 101 - 3c?
b4
In base 13, what is 3 - a060?
-a05a
In base 11, what is -4 + -5185?
-5189
In base 13, what is 6338 - 9?
632c
In base 6, what is -1214 - -5035?
3421
In base 12, what is 30 - 278?
-248
In base 3, what is 12100 - 211111222?
-211022122
In base 6, what is -31145 - -1542?
-25203
In base 8, what is -5 + -273152?
-273157
In base 6, what is -151450 + 400?
-151050
In base 16, what is 484 - -a?
48e
In base 4, what is 312300101 - 11?
312300030
In base 2, what is -11011001 - -1010000111?
110101110
In base 3, what is -202111212021 - 2?
-202111212100
In base 5, what is -12 + 21241?
21224
In base 2, what is 1 - 111111000010111?
-111111000010110
In base 12, what is -16a944 + 1?
-16a943
In base 14, what is -3 - 50a4?
-50a7
In base 15, what is 273e2 - 4?
273dd
In base 7, what is 123533 + 0?
123533
In base 10, what is 1114 - 21?
1093
In base 7, what is 41302 + -12?
41260
In base 13, what is 5 + -7729?
-7724
In base 9, what is -344 - -3?
-341
In base 2, what is 1010001001101001011011 + -11?
1010001001101001011000
In base 6, what is -1 + 420244?
420243
In base 5, what is -11 - 303212?
-303223
In base 12, what is -b + 842?
833
In base 2, what is -10 + 110101000000?
110100111110
In base 10, what is -6 + 106426?
106420
In base 11, what is 14 + 31871?
31885
In base 12, what is 132444 + 1?
132445
In base 8, what is -143 - 310?
-453
In base 4, what is -3 - -123122?
123113
In base 11, what is 123 - -5?
128
In base 9, what is 324 - -31?
355
In base 11, what is 127 + 3281?
33a8
In base 2, what is 110111110110110 + 10?
110111110111000
In base 13, what is -9 + -74c59?
-74c65
In base 4, what is -1 - 131310132?
-131310133
In base 10, what is 5 + -164078?
-164073
In base 5, what is 10 + 203204?
203214
In base 16, what is -2f5 - 7?
-2fc
In base 9, what is 12066 - -8?
12075
In base 8, what is -3103234 + -3?
-3103237
In base 14, what is 98 + -196?
-dc
In base 4, what is 203102211 - -1?
203102212
In base 10, what is 74 + -6589?
-6515
In base 15, what is -7b3 - -9?
-7a9
In base 6, what is -1 + -2330140?
-2330141
In base 16, what is 0 + -6e7?
-6e7
In base 15, what is 309 + -3a?
2be
In base 8,